{"id":79,"date":"2023-07-05T02:16:27","date_gmt":"2023-07-05T02:16:27","guid":{"rendered":"https:\/\/sitre.com.ar\/?page_id=79"},"modified":"2023-10-24T18:46:38","modified_gmt":"2023-10-24T18:46:38","slug":"afiliate","status":"publish","type":"page","link":"https:\/\/sitre.com.ar\/?page_id=79","title":{"rendered":"AFILIATE ONLINE"},"content":{"rendered":"\n<figure class=\"wp-block-image size-large is-style-default\"><img decoding=\"async\" src=\"https:\/\/matiaslojo.files.wordpress.com\/2023\/06\/afiliate.png?w=448\" alt=\"\" class=\"wp-image-267\"\/><\/figure>\n\n\n\n<p class=\"has-white-background-color has-background\">\u00bfC\u00d3MO SUMARME AL EQUIPO DE TRABAJO DEL SITRE?<br><strong><br>En el&nbsp;SITRE buscamos colegas que se quieran involucrar en el cambio para enfermer\u00eda,&nbsp;pod\u00e9s sumarte de distintas maneras:<br><br>C\u00f3mo Activista:&nbsp;inform\u00e1ndote y compartiendo las actividades que desarrollamos, sumando colegas, presentando propuestas, etc.<br>C\u00f3mo Afiliado:&nbsp;gozando de los beneficios de Sindicato y su representatividad, teniendo voz y voto en las decisiones que se tomen.<br>C\u00f3mo Delegado:&nbsp;representando a los colegas de la Instituci\u00f3n donde desempe\u00f1\u00e1s tus tareas, cambiando la realidad laboral de ellos y trabajando para la mejora continua de la enfermer\u00eda.<br>C\u00f3mo parte de la Comisi\u00f3n Directiva:&nbsp;representando a la Enfermer\u00eda Argentina, trabajando continuamente por y para la profesi\u00f3n y participando de las actividades nacionales e internacionales que mejoren las condiciones sociolaborales del colectivo.<br><br>Record\u00e1 que al afiliarte est\u00e1s fortaleciendo la herramienta que logra fortalecer a la Profesi\u00f3n desde el \u00e1mbito laboral<\/strong>.<\/p>\n\n\n\n<p class=\"has-white-background-color has-background\"><strong><br>\u00bfC\u00d3MO ME AFILIO?<br>La afiliaci\u00f3n es la manera de fortalecer el espacio sindical de enfermer\u00eda. Para poder completar la afiliaci\u00f3n es importante contar con todos tus datos completos.\u00a0La cuota sindical mensual es de $1660 (a septiembre de 2023),\u00a0que se debitan autom\u00e1ticamente de tu cuenta, previa autorizaci\u00f3n tuya.\u00a0Para afiliarte, existen 2 formas:\u00a0mediante el Formulario en papel o mediante el Formulario on line<br><br>Con Formulario en papel:\u00a0deb\u00e9s imprimir el formulario y entreg\u00e1rselo al referente\/delegado de tu localidad o enviar copia del mismo al mail:\u00a0<a href=\"mailto:sitreenfermeria@gmail.com\" target=\"_blank\" rel=\"noreferrer noopener\">sindicatositre@gmail.com<\/a>\u00a0El formulario lo podes descargar haciendo\u00a0clic en el siguiente\u00a0enlace:<\/strong><\/p>\n\n\n\n<div class=\"wp-block-buttons has-custom-font-size has-medium-font-size is-layout-flex wp-block-buttons-is-layout-flex\">\n<div class=\"wp-block-button\"><a class=\"wp-block-button__link wp-element-button\">FICHA DE AFILIACI\u00d3N<\/a><\/div>\n<\/div>\n\n\n\n<blockquote class=\"wp-block-quote is-layout-flow wp-block-quote-is-layout-flow\">\n<div data-wp-interactive=\"core\/file\" class=\"wp-block-file\"><object data-wp-bind--hidden=\"!state.hasPdfPreview\" hidden class=\"wp-block-file__embed\" data=\"https:\/\/sitre.com.ar\/wp-content\/uploads\/2023\/10\/Afiliacion.pdf\" type=\"application\/pdf\" style=\"width:100%;height:600px\" aria-label=\"Incrustado de Afiliacion.\"><\/object><a id=\"wp-block-file--media-57fd8e3e-f8fe-43e3-86cb-9fdc51d4e3c0\" href=\"https:\/\/sitre.com.ar\/wp-content\/uploads\/2023\/10\/Afiliacion.pdf\">Afiliacion<\/a><a href=\"https:\/\/sitre.com.ar\/wp-content\/uploads\/2023\/10\/Afiliacion.pdf\" class=\"wp-block-file__button wp-element-button\" download aria-describedby=\"wp-block-file--media-57fd8e3e-f8fe-43e3-86cb-9fdc51d4e3c0\">Descarga<\/a><\/div>\n<\/blockquote>\n\n\n\n<p class=\"has-white-background-color has-background\"><strong>Con Formulario on line:\u00a0<\/strong>\u00a0deb\u00e9s completar todos los datos del formulario, sacarle una foto a tu DNI, Matr\u00edcula y CBU y hacer\u00a0clic en el siguiente\u00a0<strong>enlace:<\/strong><\/p>\n\n\n\n<div class=\"wp-block-buttons is-layout-flex wp-block-buttons-is-layout-flex\">\n<div class=\"wp-block-button\"><a class=\"wp-block-button__link wp-element-button\" href=\"https:\/\/docs.google.com\/forms\/d\/e\/1FAIpQLSc5nogHGpipUd1q-2XxGtPofjyrM_zpCvE39GpNsaOL36inqg\/viewform\">AFILIATE ONLINE<\/a><\/div>\n<\/div>\n","protected":false},"excerpt":{"rendered":"<p>\u00bfC\u00d3MO SUMARME AL EQUIPO DE TRABAJO DEL SITRE?En el&nbsp;SITRE buscamos colegas que se quieran involucrar en el cambio para enfermer\u00eda,&nbsp;pod\u00e9s sumarte de distintas maneras: C\u00f3mo Activista:&nbsp;inform\u00e1ndote y compartiendo las actividades que desarrollamos, sumando colegas, presentando propuestas, etc.C\u00f3mo Afiliado:&nbsp;gozando de los beneficios de Sindicato y su representatividad, teniendo voz y voto en las decisiones que se [&hellip;]<\/p>\n","protected":false},"author":1,"featured_media":0,"parent":0,"menu_order":0,"comment_status":"closed","ping_status":"closed","template":"","meta":{"footnotes":""},"class_list":["post-79","page","type-page","status-publish","hentry"],"aioseo_notices":[],"_links":{"self":[{"href":"https:\/\/sitre.com.ar\/index.php?rest_route=\/wp\/v2\/pages\/79","targetHints":{"allow":["GET"]}}],"collection":[{"href":"https:\/\/sitre.com.ar\/index.php?rest_route=\/wp\/v2\/pages"}],"about":[{"href":"https:\/\/sitre.com.ar\/index.php?rest_route=\/wp\/v2\/types\/page"}],"author":[{"embeddable":true,"href":"https:\/\/sitre.com.ar\/index.php?rest_route=\/wp\/v2\/users\/1"}],"replies":[{"embeddable":true,"href":"https:\/\/sitre.com.ar\/index.php?rest_route=%2Fwp%2Fv2%2Fcomments&post=79"}],"version-history":[{"count":11,"href":"https:\/\/sitre.com.ar\/index.php?rest_route=\/wp\/v2\/pages\/79\/revisions"}],"predecessor-version":[{"id":361,"href":"https:\/\/sitre.com.ar\/index.php?rest_route=\/wp\/v2\/pages\/79\/revisions\/361"}],"wp:attachment":[{"href":"https:\/\/sitre.com.ar\/index.php?rest_route=%2Fwp%2Fv2%2Fmedia&parent=79"}],"curies":[{"name":"wp","href":"https:\/\/api.w.org\/{rel}","templated":true}]}}